. What is the tens digit of z?
4
Let w(t) = -26*t**3 - 2*t - 2. Let f be w(-1). Suppose -f + 2 = -6*n. Suppose r = n*r - 162. What is the units digit of r?
4
Let a = -1317 - -2600. What is the thousands digit of a?
1
Suppose -o + 4 = 0, -5*o = c + 3*c + 28. Let u be (-1)/(4 + 44/c). What is the units digit of 352/(-24)*u/2?
2
Suppose -5*i = -8*i - a + 1339, -2*i - 3*a = -895. Let d = i - -49. What is the units digit of d?
5
Let a(h) = -3*h - 9. Let m be a(-7). Suppose 0 = 4*j - 8*j + m. Suppose -114 = -j*i - 2*s, s - 38 = -0*i - i. What is the tens digit of i?
3
Suppose -160 = -0*b - 2*b. Let k(s) = -7*s + 8. Let j be k(6). Let u = b + j. What is the tens digit of u?
4
Suppose 0*a + 460 = 5*a. Suppose 2*t = -5*v - 195, 4*t = 3*v + a - 521. Let x = t - -124. What is the units digit of x?
9
Let y be (-1 + 35/28)/((-13)/(-728)). Let k(o) = -2*o - 5 + 4*o - o. What is the units digit of k(y)?
9
Let y = -5877 - -13901. What is the hundreds digit of y?
0
Let p(g) = 3*g**3 - 18*g**2 + 43*g + 11. Suppose c - 2 = -2*r, 4*c - c - 30 = 2*r. What is the hundreds digit of p(c)?
7
Let z be ((-1664)/(-65))/(2/150). Suppose -306*d = -310*d + z. What is the hundreds digit of d?
4
Suppose -i + 5*i - p = 1264, -1248 = -4*i + 5*p. Let r = -198 + i. What is the units digit of r?
9
Let i(l) = 8*l**2 + l + 51. Let g(s) = -3*s**2 - 17. Let w(v) = 11*g(v) + 4*i(v). Let r be w(9). What is the units digit of (-301)/r - (-1)/4?
1
Let x(j) be the third derivative of j**4/3 + 23*j**3/3 + 17*j**2. Suppose 0 = 3*d - 2*d + 2*f - 4, f = -5*d + 47. What is the hundreds digit of x(d)?
1
Suppose -3*m + 2371 = o, -2*m + 1586 = o + o. Suppose 0 = 12*n - 25 - 47. Suppose -n*h + 447 = -m. What is the hundreds digit of h?
2
What is the units digit of 3/6*(-109)/2*-120?
0
Suppose -4*i - 43 = -139. Suppose 4*v + 4*u - 102 = 106, 2*v - 104 = 5*u. What is the tens digit of (v/(-3))/(-1)*36/i?
2
Suppose -10*f + 333 = -297. Suppose -57*l + f*l - 6198 = 0. What is the hundreds digit of l?
0
Suppose 6*k = 16*k - 39120. Suppose -2*c = 4*c - k. Suppose 2*b - c = -5*d + 99, 612 = 4*d - 4*b. What is the tens digit of d?
5
Let i be -1 - 0 - (-234 + 1). Suppose -5*r = 4*w - r - 504, 3*w - 374 = -r. Suppose i = -122*b + w*b. What is the hundreds digit of b?
1
Suppose 101440 = 5*i - 2*k, -2*i + 518*k = 520*k - 40590. What is the units digit of i?
0
Suppose -5*t = x - 12, 3*x - 4*t - 89 = -2*x. Suppose 0 = -2*z - 3 - x. Let j(a) = a**2 + 8*a - 3. What is the units digit of j(z)?
7
Let s(q) = q**3 + 19*q**2 + 26*q - 21. Suppose -13*z - 96 + 5 = 0. What is the tens digit of s(z)?
8
Suppose -203 = 3*x - 10*x. Suppose 3*q - x + 14 = 0. Suppose 5*z - d = -0*d + 61, 3*z - q*d = 41. What is the tens digit of z?
1
Let k(r) = 3*r**2 - 2*r - 3. Let n be k(-1). What is the tens digit of -8*n/4 + 1*15?
1
Let h be (-3)/((-54)/(-597)) - (-1)/6. Let d be (-6)/15 - (-2204)/10. Let w = d - h. What is the tens digit of w?
5
Let l(j) = -j**3 - 3*j**2 - 5*j. Let n be l(5). Let h = n + 226. What is the units digit of h?
1
Let y(r) = 6*r**2 + 3*r - 8. Let g be y(11). Let h = g + -535. Suppose c + o = h, -c - 2*o - 124 + 343 = 0. What is the units digit of c?
3
Let g be (2 - 0) + (3 - -110). Suppose 0 = 5*t - 5*w + g, 0 = 4*t + w + 53 + 34. Let v = t + 47. What is the tens digit of v?
2
Suppose -314*y + 4449 = -313*y. What is the hundreds digit of y?
4
Suppose 110253 = 3*a - 2*l, 71881 = 2*a - 5*l - 1643. What is the units digit of a?
7
Let a(c) = 247*c**3 - 6*c**2 + 11*c - 10. What is the units digit of a(3)?
8
Suppose 1279784 = 45*g - 567106. What is the tens digit of g?
4
Let o be (8 - 6)*3/6. Let l be 0/3*o/(-3). Suppose -8*x + 936 = -l*x. What is the tens digit of x?
1
Let b = -303 - -341. Let s be 1 + -24 + (0 - 0). Let u = b + s. What is the units digit of u?
5
Let p(c) = -c**3 + 9*c**2 + 6*c + 24. Let g be p(7). Suppose 4*h + g = 2*j, -246 = j - 4*j + 4*h. What is the tens digit of j?
8
Suppose -5*j + 33575 = 3*s, 0 = 291*s - 289*s - 3*j - 22358. What is the units digit of s?
5
Let d(o) = 28*o + 33. Let z be d(10). Let n be (z/(-3))/(-1) + 3/(-9). Let s = -73 + n. What is the tens digit of s?
3
Let m(s) = -s**2 + 4*s - 4. Let j be m(2). Let a be -2 + 0 - ((-4 - j) + -1). Suppose y - 12 = 3*f, -2*f - a*f = -4*y + 83. What is the units digit of y?
7
Suppose 24*j - 20860 = -2092. Suppose -n = 3 - 4, 0 = -3*g + n + j. What is the tens digit of g?
6
Let d(f) = 138*f**3 - 3*f**2 - f. Let b be d(-2). What is the thousands digit of b/5*(-6 + (-6)/(-6))?
1
Let k = 169 - 145. What is the units digit of (k/18)/(6/333)?
4
Let k = 496 + -501. Let y(h) = -2*h + 16 + 2*h**2 + 5*h - 5*h. What is the tens digit of y(k)?
7
Let r(m) = -98*m**3 + 20*m**2 + 38*m - 37. What is the hundreds digit of r(-5)?
5
Suppose -4*o = -1470 - 1774. Let f = -199 + o. What is the tens digit of f?
1
Let p be 6/(-5) + (-2132)/(-410). Suppose 5*a - p*x - 2698 = 3*a, -4*a - 4*x + 5444 = 0. What is the thousands digit of a?
1
Suppose 115*s + 708438 - 1189377 = 1006356. What is the tens digit of s?
3
Let w(p) = -4*p**2 - 5*p + 1. Let d be w(-12). Let x = d + 743. Let m = 376 - x. What is the units digit of m?
8
Let n(i) be the first derivative of -47*i**3/3 + i**2 - 10. Let z(x) = x**2 + x - 1. Let v(o) = -n(o) + 2*z(o). What is the tens digit of v(-1)?
4
Let i be (-136)/(-36) - 4/(-18). Suppose -i*f = -1 - 3, -5*b + 659 = 4*f. What is the units digit of b?
1
Suppose -2*y = 3*y + 2*u - 2357, 4*u = -4*y + 1888. Suppose 2*b + 439 = j - b, j + 5*b - y = 0. What is the hundreds digit of j?
4
Suppose -10 = 16*n - 10. Suppose -3*o + 5*p + 2036 = n, -3*o + 2*p - 459 = -2492. What is the units digit of o?
7
Suppose h = -2*h + 111. Suppose y + 0*y = 2*k + h, 3*y - 71 = 4*k. What is the tens digit of (-5)/(k/684) - -2?
7
Suppose -29 - 107 = -c. Suppose -a = 4*i - 68, 3*a - 3*i - 2*i = c. Suppose 0 = -g - 4*m + 42, -2*g + 71 = -5*m - a. What is the units digit of g?
4
Let w = 404 + 253. Suppose 0 = -5*q + 2*b + 2248, 0 = q + 2*b + 217 - w. What is the tens digit of q?
4
Let q = 6426 - -4419. What is the tens digit of q?
4
Let y(w) = w**3 + 25*w**2 - 105*w - 39. Let o be y(-29). Let p = 236 - o. What is the hundreds digit of p?
5
Suppose 15*t = 2*i + 16*t - 45494, -5*i + 113735 = -3*t. What is the units digit of i?
7
Suppose -2*b = 2*a + b - 11526, b = a - 5773. Suppose a = -71*u + 80*u. What is the tens digit of u?
4
Suppose 3*a + 979 = 18988. What is the hundreds digit of a?
0
Suppose -1 = -j - 0*j. Let t(h) = 107*h - 5. What is the hundreds digit of t(j)?
1
Let j be 24/(-16) - (-441)/(-6). Let x = 30 + j. Let n = x + 93. What is the tens digit of n?
4
Let n(p) = 4987*p**2 + 4*p + 57. What is the ten thousands digit of n(2)?
2
Let g(t) = 97*t - 33. Let c be g(5). Let f = -145 + c. What is the hundreds digit of f?
3
Let k(o) = -4*o**2 + 2*o - 8. Let j be k(2). Let i = 100 - j. What is the hundreds digit of i?
1
Let d be (-1069)/5*(3 + 2). Let k = -651 - d. What is the units digit of k?
8
Let o = -43 - -41. Suppose -2*a + 3*a = -3*x + 7, a = 4*x. What is the units digit of 23*((o - x) + 4)?
3
Let a be ((-46)/69)/(1/(-6)). What is the tens digit of 1019 + (-45)/(-30)*a/(-3)?
1
Suppose 2*y - 522 - 86 = 0. Suppose -8*d - y + 2416 = 0. Suppose -6*h + d = 48. What is the tens digit of h?
3
Let m(o) = 0*o**2 + 65*o - 59*o - o**2 + 31. Let t be m(9). Suppose t*z - i - 46 = 0, -5*z = -3*i + 7*i - 68. What is the tens digit of z?
1
Suppose 3*q - 3492 = -n, -23*q = -28*q - 3*n + 5820. What is the units digit of q?
4
Let i(b) = 480*b**2 - 3*b + 10. What is the tens digit of i(3)?
2
Let l = 140525 - 61935. What is the tens digit of l?
9
Let p(g) = -g**3 + 22*g**2 + 50*g - 9. Let l be p(24). Suppose -51*n + l*n + 12828 = 0. What is the thousands digit of n?
1
Suppose 12*v - 80*v + 1983368 = -2687076. What is the tens digit of v?
8
Let d(b) = -b**3 + 2*b + 594. Let x be (0/(4 + -5 + 0))/(-2). What is the units digit of d(x)?
4
Let x be (1/2)/((-7)/(-70)). Suppose 9 = x*q - 36. Suppose -q*a = -19*a + 1160. What is the units digit of a?
6
Let c = 939 + -642. Suppose i - 2430 = -2*l + c, 10 = -2*i. What is the tens digit of l?
6
Let u be 258/(5 - 2) + 2 + 1. Suppose 2*a - u = -5*t, -3*a + 131 = t + 17. What is the tens digit of a?
3
Suppose 48 = 8*n - 0*n. Suppose 0 = 4*m + 20, 3*l